*3 + p**2 - 2*p + 65. Calculate w(0).
65
Let m(o) = 2*o - 4. Calculate m(-13).
-30
Let s(k) = -k**2 - 7*k + 46. Calculate s(-11).
2
Let c(u) = -19*u + 4. Calculate c(-2).
42
Let n(b) = -11*b - 3. What is n(1)?
-14
Let y(x) = x**3 - 3*x**2 + 4*x - 3. What is y(4)?
29
Let t(j) = j**3 + 8*j**2 + 12*j - 15. What is t(-5)?
0
Let t(y) = -y**2 - 12. What is t(0)?
-12
Let x(c) = -c**3 - 11*c**2 - 2*c - 18. Give x(-11).
4
Let o(s) = -s**3 + 5*s**2 + 4*s - 5. Determine o(6).
-17
Let o(u) = -3*u**3 - 6*u - 6. What is o(0)?
-6
Let j(v) = -4*v**2 - 16*v + 3. Calculate j(-5).
-17
Let a(o) = o**2 - 35. What is a(0)?
-35
Let q(w) = 6*w + 14. What is q(3)?
32
Let t(x) = -6*x**2 - 10*x - 9. What is t(-1)?
-5
Let w(b) = 8*b - 5. What is w(2)?
11
Let n(a) = -2*a**2 + 12*a - 2. What is n(4)?
14
Let z(k) = k**3 + 6*k**2 - 9*k - 10. Calculate z(-7).
4
Let a(x) = -3*x. Calculate a(3).
-9
Let h(t) = 3*t + 19. Calculate h(-13).
-20
Let o(f) = f**2 - 11*f - 10. Calculate o(7).
-38
Let i(r) = r**2 + 12*r + 13. Determine i(-12).
13
Let k(i) = 2*i**3 - 9*i**2 - 4*i + 9. Give k(5).
14
Let y(x) = 177*x - 354. Calculate y(2).
0
Let v(n) = n**3 - 5*n**2 + n - 5. Determine v(5).
0
Let z(t) = -11*t**2 - 3*t - 2. Give z(-2).
-40
Let b(u) = u**3 + 40*u**2 - 42*u - 53. Calculate b(-41).
-12
Let k(x) = x**3 + 7*x**2 + x - 5. Give k(-5).
40
Let x(r) = 8*r - 8. Calculate x(1).
0
Let x(r) = -4*r**3 - 45*r**2 - 11*r - 1. Give x(-11).
-1
Let j(f) = 50*f - 4. Calculate j(0).
-4
Let d(j) = 3*j + 38. Calculate d(-15).
-7
Let c(f) = -f**3 - 4*f**2 + 7*f + 8. What is c(-5)?
-2
Let g(j) = -j**3 - 5*j**2 + 7*j - 6. Calculate g(-7).
43
Let k(a) = -5*a + 12. Determine k(11).
-43
Let u(v) = v**3 - 5*v**2 + 5*v - 11. Give u(5).
14
Let g(t) = 3*t**2 + 12*t + 17. What is g(-8)?
113
Let w(g) = -106*g - 205. What is w(-2)?
7
Let f(p) = -8*p - 111. Calculate f(0).
-111
Let o(n) = 3*n**2 - 4*n + 5. Calculate o(2).
9
Let x(m) = 3*m - 21. Calculate x(6).
-3
Let v(h) = -h**3 - 25*h**2 + 23*h - 84. Give v(-26).
-6
Let p(u) = 85*u - 90. What is p(1)?
-5
Let b(n) = -n**3 + 4*n**2 + 9*n - 19. Give b(2).
7
Let o(c) = -15*c**2 - 3*c - 1. What is o(-1)?
-13
Let s(z) = z**3 + 14*z**2 - 20*z - 44. Calculate s(-15).
31
Let p(b) = b**3 - 6*b**2 - 7*b - 7. Determine p(6).
-49
Let l(j) = -9*j - 52. What is l(-6)?
2
Let i(k) = k**2 + 44*k + 196. Determine i(-39).
1
Let a(i) = i**3 - 9*i**2 + i - 11. Determine a(9).
-2
Let m(i) = -4*i**3 + 7*i**2 + 12*i. Give m(-2).
36
Let d(i) = i**2 + 13*i + 13. What is d(-12)?
1
Let j(v) = -v**2 + 4*v + 13. Calculate j(7).
-8
Let v(g) = -10*g + 46. What is v(6)?
-14
Let a(q) = 4*q + 104. What is a(-23)?
12
Let b(p) = -p**3 + p**2 - p - 31. Give b(0).
-31
Let a(u) = 5*u + 8. What is a(-8)?
-32
Let h(z) = -z**3 + 10*z**2 + 10*z + 10. What is h(8)?
218
Let z(i) = 4*i**2 + 39*i + 12. Calculate z(-12).
120
Let a(r) = 2*r**2 + 2*r - 9. Give a(-4).
15
Let j(a) = a**2 - 19*a - 46. Determine j(21).
-4
Let c(i) = -2*i**3 + 8*i**2 - 6*i - 2. Determine c(5).
-82
Let k(j) = -j**3 + 11*j**2 + 15*j - 29. What is k(11)?
136
Let q(z) = 3*z**2 - 53*z + 177. Determine q(13).
-5
Let k(j) = j**2 - 12*j - 2. Calculate k(13).
11
Let f(x) = 21*x + 124. What is f(-6)?
-2
Let r(s) = -s**3 - 5*s**2 - 7*s - 3. What is r(-4)?
9
Let h(l) = 36*l - 14. Give h(-5).
-194
Let v(p) = -3*p**2 - p + 20. Give v(0).
20
Let x(f) = -36*f + 1543. What is x(43)?
-5
Let w(g) = 2*g - 9. Give w(7).
5
Let p(m) = 5*m - 5. Calculate p(2).
5
Let t(w) = w**2 + 2*w - 19. Calculate t(0).
-19
Let u(h) = -157*h - 1. What is u(1)?
-158
Let h(w) = 6*w - 119. Calculate h(18).
-11
Let g(u) = -u**3 - 10*u**2 - 11*u + 7. Determine g(-9).
25
Let s(c) = c**2 + 13*c - 18. Calculate s(-10).
-48
Let n(q) = -20*q + 130. Calculate n(6).
10
Let f(g) = 3*g**2 - 73*g + 204. Calculate f(21).
-6
Let a(k) = 3*k - 40. Calculate a(10).
-10
Let y(x) = x**3 - 7*x**2 + 7*x - 1. What is y(6)?
5
Let y(n) = -n**3 - 6*n**2 - 6*n - 34. What is y(-6)?
2
Let a(g) = -g**3 + 19*g**2 - 23*g + 77. Determine a(18).
-13
Let n(q) = q**2 + 18*q - 47. What is n(-21)?
16
Let a(s) = -s + 32. Calculate a(22).
10
Let s(v) = -51*v - 44. Determine s(-1).
7
Let z(d) = -d**2 - 10*d + 14. Determine z(-11).
3
Let z(s) = s**3 + 3*s**2 + 3. What is z(-5)?
-47
Let d(c) = c**2 + 7*c - 23. What is d(-10)?
7
Let k(o) = o**2 - o - 4. What is k(-3)?
8
Let w(i) = -i**2 - i - 2. What is w(-1)?
-2
Let q(c) = -c**2 + 8*c - 5. Calculate q(6).
7
Let i(y) = -5*y**2 + 3*y - 3. Calculate i(1).
-5
Let o(f) = -16*f + 10. Give o(4).
-54
Let p(t) = -t**3 + 17*t**2 - 2*t + 22. Determine p(17).
-12
Let m(a) = a**2 + 3*a - 2. Give m(0).
-2
Let q(p) = -p**3 - 3*p**2 + 8*p - 10. Determine q(-5).
0
Let m(o) = -2*o**2 - 21*o + 4. Give m(-10).
14
Let h(l) = l**3 + 24*l**2 + 95*l - 13. Give h(-5).
-13
Let f(w) = w**3 + 7*w**2 + 10*w + 6. Give f(-5).
6
Let p(j) = j**3 + 7*j**2 - 9*j - 10. Give p(-8).
-2
Let q(r) = -r**3 - 25*r**2 + 6*r. Calculate q(-25).
-150
Let i(v) = -v**3 + 12*v**2 + 4*v - 43. Calculate i(12).
5
Let d(p) = -7*p**2 - 4*p - 3. What is d(-2)?
-23
Let d(c) = 3*c**3 + 7*c**2 + 2*c + 4. Determine d(-3).
-20
Let h(z) = z**3 - 10*z**2 - 12*z + 14. Determine h(11).
3
Let d(w) = -w**2 - 10*w - 10. Calculate d(-8).
6
Let v(p) = -p**3 + 6*p**2 - 6*p + 17. Calculate v(4).
25
Let o(f) = f**3 + f**2 - 4*f - 12. Calculate o(-3).
-18
Let l(s) = 4*s - 2. What is l(-1)?
-6
Let a(u) = -8*u + 7. Give a(2).
-9
Let k(t) = t**2 + 10*t + 17. What is k(-6)?
-7
Let w(f) = 4*f - 14. What is w(4)?
2
Let h(s) = s**3 + 8*s**2 - 2*s - 42. Give h(-8).
-26
Let t(b) = -2*b**2 - 13*b + 25. Give t(2).
-9
Let z(u) = -u**3 - 9*u**2 - 8*u - 3. What is z(-8)?
-3
Let r(t) = 9*t + 44. What is r(-4)?
8
Let q(k) = k**3 + 15*k**2 + 36*k + 5. Determine q(-12).
5
Let k(m) = m**3 + 5*m**2 + 2*m - 5. Calculate k(-4).
3
Let g(i) = i**2 - 10*i - 2. Calculate g(10).
-2
Let k(j) = j**3 - 5*j**2 - 10*j. What is k(7)?
28
Let m(l) = -l**3 + 37*l**2 + 76*l + 72. Calculate m(39).
-6
Let g(l) = -l**3 + 11*l**2 - 2*l + 10. Calculate g(11).
-12
Let h(x) = -x + 4. Determine h(-5).
9
Let y(r) = -r**3 + 23*r + 49. What is y(-4)?
21
Let z(f) = 2*f**2 - 8*f - 1. Give z(7).
41
Let r(z) = -z**3 + 8*z**2 - 4*z - 9. What is r(8)?
-41
Let q(g) = g**3 + 21*g**2 + 22*g + 16. Calculate q(-20).
-24
Let c(i) = i**2 + 9*i - 22. Determine c(-10).
-12
Let z(v) = -v**3 - 6*v**2 - 8*v - 25. Give z(-7).
80
Let m(u) = -u - 32. Give m(-7).
-25
Let j(q) = q**3 + 5*q**2 + 5*q. Give j(-3).
3
Let o(k) = k**3 + 8*k + 25. What is o(-4)?
-71
Let u(a) = 5*a + 15. Calculate u(-8).
-25
Let q(v) = -v**2 - 2*v + 11. Determine q(0).
11
Let o(s) = -2*s**3 + 10*s**2 + 2*s - 2. Calculate o(5).
8
Let z(o) = -2*o**2 + 18*o + 15. Determine z(11).
-29
Let u(c) = -c**3 - 55*c**2 + 502*c + 10. Calculate u(8).
-6
Let c(o) = o**2 - 20*o - 37. Give c(23).
32
Let c(i) = 3*i - 2. Calculate c(3).
7
Let a(v) = v**3 - 7*v**2 + 17*v - 37. Determine a(5).
-2
Let q(b) = b**3 + 6*b**2 - 5*b - 3. What is q(-3)?
39
Let c(k) = -5*k**3 + 3*k**2 - 2. What is c(1)?
-4
Let b(p) = -14*p + 87. What is b(6)?
3
Let f(l) = 8*l + 3. Give f(-5).
-37
Let b(l) = -l**2 - 18*l - 51. Calculate b(-15).
-6
Let h(f) = 6*f**2 - 5*f - 2. What is h(-2)?
32
Let f(b) = b**3 - 6*b**2 + 7*b - 3. What is f(3)?
-9
Let d(k) = 14*k + 9. Give d(5).
79
Let z(o) = -7*o**3 - o**2 - 4*o + 6. What is z(2)?
-62
Let d(n) = -13*n - 115. Determine d(-9).
2
Let o(k) = k**2 - 4*k - 14. Calculate o(5).
-9
Let j(o) = -26*o - 3. Determine j(-1).
23
Let c(n) = -11*n**3 - 5*n + 5. Give c(1).
-11
Let s(u) = -u**3 - 4*u**2 + 5*u + 3. Calculate s(-5).
3
Let r(b) = b**2 - 8*b - 7. Give r(9).
2
Let n(z) = 5*z - 44. Calculate n(13).
21
Let z(r) = 11*r - 110. What is z(10)?
0
Let r(l) = l - 1. What is r(-1)?
-2
Let h(l) = 2*l - 11. What is h(12)?
13
Let l(a) = a**3 - 2*a**2 - 7*a + 9. Give l(3).
-3
Let d(c) = 4*c + 6. Determine d(-10).
-34
Let v(y) = 2*y + 31. What is v(-4)?
23
Let s(f) = f**3 - 71*f**2 - 73*f + 63. What is s(72)?
-9
Let d(x) = -13*x + 380. What is d(29)?
3
Let j(c) = 12*c - 30. Give j(2).
-6
Let a(l) = -l - 16. Give a(-16).
0
Let g(d) = d**2 + 4*d. Calculate g(-6).
12
Let g(x) = x**3 + 16*x**2 - 14*x - 4. Give g(-17).
-55
Let q(s) = s**3 - 7*s**2 + 9*s - 14. Give q(6).
4
Let p(y) = -y**3 - 6*y**2 - y + 4. What is p(-6)?
10
Let y(n) = -12*n - 12. Giv